{"id":4260,"date":"2019-09-03T13:22:48","date_gmt":"2019-09-03T11:22:48","guid":{"rendered":"http:\/\/www.holiday-films.cz\/new\/?page_id=4260"},"modified":"2019-09-03T18:23:48","modified_gmt":"2019-09-03T16:23:48","slug":"holiday-films-filmova-produkce-praha","status":"publish","type":"page","link":"https:\/\/www.holiday-films.cz\/new\/","title":{"rendered":"Holiday Films Filmov\u00e1 produkce Praha"},"content":{"rendered":"<p>[vc_row][vc_column][rev_slider_vc alias=&#8220;movie-studio-4&#8243; enable_paspartu=&#8220;no&#8220;][\/vc_column][\/vc_row][vc_row row_content_width=&#8220;grid&#8220; css=&#8220;.vc_custom_1526648287437{padding-top: 60px !important;padding-bottom: 90px !important;}&#8220;][vc_column]<div class=\"edgtf-testimonials-holder clearfix edgtf-testimonials \">\n    <div class=\"edgtf-testimonials edgtf-owl-slider\" data-enable-loop=\"yes\" data-enable-autoplay=\"yes\" data-slider-speed=\"5000\" data-slider-speed-animation=\"600\" data-enable-navigation=\"yes\" data-enable-pagination=\"no\">\n\n    \n            <div class=\"edgtf-testimonial-content\" id=\"edgtf-testimonials-4104\">\n                                    <div class=\"edgtf-testimonial-image\">\n                        <img width=\"66\" height=\"11\" src=\"https:\/\/www.holiday-films.cz\/new\/wp-content\/uploads\/alfa-home-img.png\" class=\"attachment-66x66 size-66x66 wp-post-image\" alt=\"d\" loading=\"lazy\" \/>                    <\/div>\n                \t            <div class=\"edgtf-testimonial-text-holder\">\n                                            <p class=\"edgtf-testimonial-text\"> \"Zpit\u00fd otec schoulen\u00fd bezmocn\u011b ve spr\u0161e se pokou\u0161\u00ed usm\u00e1t na vystra\u0161enou dcerku nahl\u00ed\u017eej\u00edc\u00ed do koupelny. To jsou sc\u00e9ny, kter\u00e9 filmu \u00dasm\u011bvy smutn\u00fdch mu\u017e\u016f p\u0159id\u00e1vaj\u00ed body. Sc\u00e9ny bez vysv\u011btlivek, bez ozdob, beze slov.\"<\/p>\n                                                                <p class=\"edgtf-testimonial-author\">\n                            <span class=\"edgtf-testimonials-author-name\">- Mirka Sp\u00e1\u010dilov\u00e1, iDnes, 60%<\/span>\n                        <\/p>\n                                    <\/div>\n            <\/div>\n\n    \n            <div class=\"edgtf-testimonial-content\" id=\"edgtf-testimonials-1538\">\n                                    <div class=\"edgtf-testimonial-image\">\n                        <img width=\"66\" height=\"11\" src=\"https:\/\/www.holiday-films.cz\/new\/wp-content\/uploads\/alfa-home-img.png\" class=\"attachment-66x66 size-66x66 wp-post-image\" alt=\"d\" loading=\"lazy\" \/>                    <\/div>\n                \t            <div class=\"edgtf-testimonial-text-holder\">\n                                            <p class=\"edgtf-testimonial-text\">\"\u0160vehl\u00edkovi ale role vylo\u017een\u011b sedla a vy m\u00e1te tendenci mu na jeho v\u00e1le\u010dn\u00e9 stezce, kde nikdy nen\u00ed jist\u00e1 v\u00fdhra, fandit a\u017e do konce. A ob\u010dasn\u00e9 po\u0161ept\u00e1v\u00e1n\u00ed a pokyvov\u00e1n\u00ed hlavou div\u00e1k\u016f v s\u00e1le d\u00e1v\u00e1 jenom tu\u0161it, kolik z nich m\u00e1 asi takov\u00e9ho Josefa v bl\u00edzk\u00e9m okol\u00ed.\"<\/p>\n                                                                <p class=\"edgtf-testimonial-author\">\n                            <span class=\"edgtf-testimonials-author-name\">- jan-, T\u00fdden, 80%<\/span>\n                        <\/p>\n                                    <\/div>\n            <\/div>\n\n    \n            <div class=\"edgtf-testimonial-content\" id=\"edgtf-testimonials-341\">\n                                    <div class=\"edgtf-testimonial-image\">\n                        <img width=\"66\" height=\"11\" src=\"https:\/\/www.holiday-films.cz\/new\/wp-content\/uploads\/alfa-home-img.png\" class=\"attachment-66x66 size-66x66 wp-post-image\" alt=\"d\" loading=\"lazy\" \/>                    <\/div>\n                \t            <div class=\"edgtf-testimonial-text-holder\">\n                                            <p class=\"edgtf-testimonial-text\">\"Sn\u00edmek Dana Sv\u00e1tka zanech\u00e1v\u00e1 po zhl\u00e9dnut\u00ed zvl\u00e1\u0161tn\u011b o\u010di\u0161\u0165uj\u00edc\u00ed pocit. Je to konceptem p\u0159\u00edb\u011bhu, v\u00fdborn\u00fdmi hereck\u00fdmi v\u00fdkony a taky up\u0159\u00edmnou a t\u00edm p\u00e1dem i odzbrojuj\u00edc\u00ed v\u00fdpov\u011bd\u00ed zalo\u017eenou na nepokroucen\u00fdch a z\u00e1rove\u0148 t\u011b\u017ek\u00fdch vzpom\u00ednk\u00e1ch skute\u010dn\u00e9 lidsk\u00e9 bytosti.\"<\/p>\n                                                                <p class=\"edgtf-testimonial-author\">\n                            <span class=\"edgtf-testimonials-author-name\">- Dagmar \u0160imkov\u00e1, Totalfilm, 80%<\/span>\n                        <\/p>\n                                    <\/div>\n            <\/div>\n\n    \n            <div class=\"edgtf-testimonial-content\" id=\"edgtf-testimonials-335\">\n                                    <div class=\"edgtf-testimonial-image\">\n                        <img width=\"66\" height=\"11\" src=\"https:\/\/www.holiday-films.cz\/new\/wp-content\/uploads\/alfa-home-img.png\" class=\"attachment-66x66 size-66x66 wp-post-image\" alt=\"d\" loading=\"lazy\" \/>                    <\/div>\n                \t            <div class=\"edgtf-testimonial-text-holder\">\n                                            <p class=\"edgtf-testimonial-text\"> \"Podle autobiografick\u00e9 knihy Josefa Form\u00e1nka \u00dasm\u011bvy smutn\u00fdch mu\u017e\u016f nato\u010dil re\u017eis\u00e9r Dan Sv\u00e1tek stejnojmenn\u00fd film, do jeho\u017e hlavn\u00ed role obsadil Davida \u0160vehl\u00edka a vytvo\u0159il mu tak velkou hereckou p\u0159\u00edle\u017eitost. A \u0160vehl\u00edk ji vyu\u017eil naplno. \"<\/p>\n                                                                <p class=\"edgtf-testimonial-author\">\n                            <span class=\"edgtf-testimonials-author-name\">- V\u011bra M\u00ed\u0161kov\u00e1, Pr\u00e1vo, 70%<\/span>\n                        <\/p>\n                                    <\/div>\n            <\/div>\n\n    \n    <\/div>\n<\/div>[\/vc_column][\/vc_row][vc_row row_content_width=&#8220;grid&#8220; css=&#8220;.vc_custom_1567525731417{padding-top: 60px !important;padding-bottom: 10px !important;}&#8220; simple_background_color=&#8220;#101113&#8243;][vc_column offset=&#8220;vc_col-lg-4 vc_col-md-4&#8243;]<div class=\"edgtf-elements-holder   edgtf-one-column  edgtf-responsive-mode-768 \" ><div class=\"edgtf-eh-item    \"  data-item-class=\"edgtf-eh-custom-1402\" data-1024-1366=\"8px 0 0 37%\" data-768-1024=\"0 0 0 15%\" data-680-768=\"10px 0 15px 0\" data-680=\"10px 0 15px 0\">\n\t<div class=\"edgtf-eh-item-inner\">\n\t\t<div class=\"edgtf-eh-item-content edgtf-eh-custom-1402\" style=\"padding: 10px 0 0 45%\">\n\t\t\t[vc_column_text]<\/p>\n<h1 style=\"text-align: right;\"><span style=\"color: #ffffff;\">Holiday Films<\/span><\/h1>\n<p>[\/vc_column_text]\t\t<\/div>\n\t<\/div>\n<\/div><\/div>[\/vc_column][vc_column offset=&#8220;vc_col-lg-8 vc_col-md-8&#8243;]<div class=\"edgtf-elements-holder   edgtf-one-column  edgtf-responsive-mode-768 \" ><div class=\"edgtf-eh-item    \"  data-item-class=\"edgtf-eh-custom-3989\" data-1024-1366=\"20px 14% 132px 0\" data-768-1024=\"10px 0 95px 0\" data-680-768=\"0 0 100px 0\" data-680=\"0 0 140px 0\">\n\t<div class=\"edgtf-eh-item-inner\">\n\t\t<div class=\"edgtf-eh-item-content edgtf-eh-custom-3989\" style=\"padding: 20px 14% 107px 0\">\n\t\t\t[vc_column_text]<span style=\"color: #ffffff;\">Filmov\u00e1 a televizn\u00ed produkce s 20-letou zku\u0161enost\u00ed v oblasti v\u00fdroby celove\u010dern\u00edch film\u016f. Dod\u00e1v\u00e1me obsah pro v\u0161echny televizn\u00ed spole\u010dnosti se s\u00eddlem v \u010cR i zahrani\u010d\u00ed. Jsme \u00fasp\u011b\u0161n\u00ed nejen v dokument\u00e1rn\u00ed a hran\u00e9 tvorb\u011b, ale velk\u00e1 \u010d\u00e1st na\u0161\u00ed spole\u010dnosti se zab\u00fdv\u00e1 i reklamn\u00ed tvorbou v\u0161ech form\u00e1t\u016f v \u010cesk\u00e9 republice i zahrani\u010d\u00ed. M\u00e1me za sebou 4 celove\u010dern\u00ed hran\u00e9 filmy uveden\u00e9 v kinodistribuci a v\u00edce ne\u017e dv\u011b des\u00edtky po\u0159ad\u016f pro TV segment. Jsme t\u00e9\u017e \u010dinn\u00ed i v neziskov\u00e9m sektoru. <\/span>[\/vc_column_text]\t\t<\/div>\n\t<\/div>\n<\/div><\/div>[\/vc_column][\/vc_row][vc_row css=&#8220;.vc_custom_1567508809501{background-color: #101113 !important;}&#8220;][vc_column]<div class=\"edgtf-elements-holder   edgtf-one-column  edgtf-responsive-mode-768 \" ><div class=\"edgtf-eh-item    \"  data-item-class=\"edgtf-eh-custom-1745\">\n\t<div class=\"edgtf-eh-item-inner\">\n\t\t<div class=\"edgtf-eh-item-content edgtf-eh-custom-1745\" >\n\t\t\t<div class=\"edgtf-video-button-holder  edgtf-vb-has-img\">\n\t<div class=\"edgtf-video-button-image\">\n\t\t<img width=\"1920\" height=\"1080\" src=\"https:\/\/www.holiday-films.cz\/new\/wp-content\/uploads\/C0041.MP4.02_06_08_20.Still002.jpg\" class=\"attachment-full size-full\" alt=\"Sokol-Pavlasek-Cesta-kolem-sveta\" loading=\"lazy\" srcset=\"https:\/\/www.holiday-films.cz\/new\/wp-content\/uploads\/C0041.MP4.02_06_08_20.Still002.jpg 1920w, https:\/\/www.holiday-films.cz\/new\/wp-content\/uploads\/C0041.MP4.02_06_08_20.Still002-300x169.jpg 300w, https:\/\/www.holiday-films.cz\/new\/wp-content\/uploads\/C0041.MP4.02_06_08_20.Still002-768x432.jpg 768w, https:\/\/www.holiday-films.cz\/new\/wp-content\/uploads\/C0041.MP4.02_06_08_20.Still002-1024x576.jpg 1024w, https:\/\/www.holiday-films.cz\/new\/wp-content\/uploads\/C0041.MP4.02_06_08_20.Still002-600x338.jpg 600w\" sizes=\"(max-width: 1920px) 100vw, 1920px\" \/>\t<\/div>\n\t\t\t<a class=\"edgtf-video-button-play-image edgtf-vb-has-hover-image\" href=\"http:\/\/www.holiday-films.cz\/new\/wp-content\/uploads\/video.mp4\" data-rel=\"prettyPhoto[video_button_pretty_photo_185]\">\n\t\t\t<span class=\"edgtf-video-button-play-inner\">\n\t\t\t\t<img width=\"50\" height=\"58\" src=\"https:\/\/www.holiday-films.cz\/new\/wp-content\/uploads\/Blog-singl-video-button.png\" class=\"attachment-full size-full\" alt=\"a\" loading=\"lazy\" \/>\t\t\t\t\t\t\t\t\t<img width=\"50\" height=\"58\" src=\"https:\/\/www.holiday-films.cz\/new\/wp-content\/uploads\/Blog-singl-video-hover.png\" class=\"attachment-full size-full\" alt=\"a\" loading=\"lazy\" \/>\t\t\t\t\t\t\t<\/span>\n\t\t<\/a>\n\t<\/div>[vc_empty_space height=&#8220;50px&#8220;]<div class=\"edgtf-section-title-holder  edgtf-st-two-columns edgtf-st-title-left edgtf-st-ratio-1-1 edgtf-st-medium-space\" style=\"padding: 0 100px\">\n\t<div class=\"edgtf-st-inner\">\n\t\t<div class=\"edgtf-st-title-column\">\n\t\t\t\t\t\t\t<h2 class=\"edgtf-st-title\" style=\"color: #ffffff\">\n\t\t\t\t\tCesta kolem sv\u011bta s Ond\u0159ejem Sokolem a Luk\u00e1\u0161em Pavl\u00e1skem\t\t\t\t<\/h2>\n\t\t\t\t\t\t\t\t\t\t<h4 class=\"edgtf-st-subtitle\" style=\"color: #fcec53;margin: 30px 10px 50px 10px\">\n\t\t\t\t\tOd z\u00e1\u0159\u00ed 2019!\t\t\t\t<\/h4>\n\t\t\t\t\t<\/div>\n\t\t<div class=\"edgtf-st-text-column\">\n\t\t\t\t\t\t\t<h6 class=\"edgtf-st-text\" style=\"color: #ffffff;font-size: 14px;line-height: 22px;margin: 0px 100px 50px 10px\">\n\t\t\t\t\tNejbl\u00e1zniv\u011bj\u0161\u00ed cestopisn\u00fd seri\u00e1l v\u0161ech dob! 12 d\u00edl\u016f ze v\u0161ech kontinent\u016f \/ Dubaj - velbloud\u00ed z\u00e1vody, Thajsko - Muay Thai, Tokyo - nejv\u011bt\u0161\u00ed bizarnosti, Kyoto - op\u011bt c\u00edsa\u0159em, Filip\u00edny - velikono\u010dn\u00ed dobrodru\u017estv\u00ed, Austr\u00e1lie - Darwin a Kakadu Park, Bali - motocyklov\u00e9 z\u00e1vody, \u0160v\u00fdcarsko - ly\u017ea\u0159em v Zermattu, Kuba - socialistick\u00e1 exotika, Hollywood - hv\u011bzdy na Chodn\u00edku sl\u00e1vy, Las Vegas - aspo\u0148 jednou vyhr\u00e1t ..., Maledivy - r\u00e1j na konec \/\t\t\t\t<\/h6>\n\t\t\t\t\t<\/div>\n\t<\/div>\n<\/div>\t\t<\/div>\n\t<\/div>\n<\/div><\/div>[\/vc_column][\/vc_row][vc_row css=&#8220;.vc_custom_1567525454869{background-color: #000000 !important;}&#8220;][vc_column width=&#8220;1\/3&#8243;]<div class=\"edgtf-elements-holder   edgtf-three-columns  edgtf-responsive-mode-768 \" ><div class=\"edgtf-eh-item   edgtf-horizontal-alignment-center \"  data-item-class=\"edgtf-eh-custom-7888\">\n\t<div class=\"edgtf-eh-item-inner\">\n\t\t<div class=\"edgtf-eh-item-content edgtf-eh-custom-7888\" >\n\t\t\t<a itemprop=\"url\" href=\"https:\/\/www.facebook.com\/kolem.sveta.cesta\/\" target=\"_blank\" style=\"color: #ffffff;background-color: #000000;border-color: #ffffff;font-size: 12px;text-transform: capitalize;margin: 0px 100px 50px 100px;padding: 10px 10px 10px 10px\" class=\"edgtf-btn edgtf-btn-small edgtf-btn-solid edgtf-btn- edgtf-btn-custom-hover-bg edgtf-btn-custom-border-hover edgtf-btn-custom-hover-color \" data-hover-color=\"#d3d3d3\" data-hover-bg-color=\"#2b2b2b\" data-hover-border-color=\"#d3d3d3\" >\n    <span class=\"edgtf-btn-text\">FACEBOOK<\/span>\n    <\/a>\t\t<\/div>\n\t<\/div>\n<\/div><\/div>[\/vc_column][vc_column width=&#8220;1\/3&#8243;]<div class=\"edgtf-elements-holder   edgtf-three-columns  edgtf-responsive-mode-768 edgtf-one-column-alignment-center\" ><div class=\"edgtf-eh-item   edgtf-horizontal-alignment-center \"  data-item-class=\"edgtf-eh-custom-3863\">\n\t<div class=\"edgtf-eh-item-inner\">\n\t\t<div class=\"edgtf-eh-item-content edgtf-eh-custom-3863\" >\n\t\t\t<a itemprop=\"url\" href=\"https:\/\/www.instagram.com\/k.o.l.e.m.s.v.e.t.a\/\" target=\"_blank\" style=\"color: #ffffff;background-color: #000000;border-color: #ffffff;font-size: 12px;text-transform: capitalize;margin: 0px 100px 50px 100px;padding: 10px 10px 10px 10px\" class=\"edgtf-btn edgtf-btn-small edgtf-btn-solid edgtf-btn- edgtf-btn-custom-hover-bg edgtf-btn-custom-border-hover edgtf-btn-custom-hover-color \" data-hover-color=\"#d3d3d3\" data-hover-bg-color=\"#2b2b2b\" data-hover-border-color=\"#d3d3d3\" >\n    <span class=\"edgtf-btn-text\">INSTAGRAM<\/span>\n    <\/a>\t\t<\/div>\n\t<\/div>\n<\/div><\/div>[\/vc_column][vc_column width=&#8220;1\/3&#8243;]<div class=\"edgtf-elements-holder   edgtf-three-columns  edgtf-responsive-mode-768 \" ><div class=\"edgtf-eh-item   edgtf-horizontal-alignment-center \"  data-item-class=\"edgtf-eh-custom-6699\">\n\t<div class=\"edgtf-eh-item-inner\">\n\t\t<div class=\"edgtf-eh-item-content edgtf-eh-custom-6699\" >\n\t\t\t<a itemprop=\"url\" href=\"https:\/\/www.youtube.com\/channel\/UChznLocJP47pTP5v6NcqqCw\" target=\"_blank\" style=\"color: #ffffff;background-color: #000000;border-color: #ffffff;font-size: 12px;text-transform: capitalize;margin: 0px 100px 50px 100px;padding: 10px 10px 10px 10px\" class=\"edgtf-btn edgtf-btn-small edgtf-btn-solid edgtf-btn- edgtf-btn-custom-hover-bg edgtf-btn-custom-border-hover edgtf-btn-custom-hover-color \" data-hover-color=\"#d3d3d3\" data-hover-bg-color=\"#2b2b2b\" data-hover-border-color=\"#d3d3d3\" >\n    <span class=\"edgtf-btn-text\">YOUTUBE<\/span>\n    <\/a>\t\t<\/div>\n\t<\/div>\n<\/div><\/div>[\/vc_column][\/vc_row][vc_row content_text_aligment=&#8220;center&#8220; css=&#8220;.vc_custom_1525692213380{padding-top: 95px !important;}&#8220;][vc_column]<div class=\"edgtf-section-title-holder  edgtf-st-reverse edgtf-st-title-left edgtf-st-ratio-1-2 edgtf-st-large-space\" >\n\t<div class=\"edgtf-st-inner\">\n\t\t\t\t\t<h6 class=\"edgtf-st-text\" style=\"color: #888888;margin: 0 0 15px 0\">\n\t\t\t\tProdukce\t\t\t<\/h6>\n\t\t\t\t\t\t\t<h3 class=\"edgtf-st-title\" >\n\t\t\t\tNa\u0161e portfolio\t\t\t<\/h3>\n\t\t\t<\/div>\n<\/div>[\/vc_column][\/vc_row][vc_row row_content_width=&#8220;grid&#8220; css=&#8220;.vc_custom_1525692228604{padding-top: 60px !important;padding-bottom: 92px !important;}&#8220;][vc_column width=&#8220;1\/2&#8243; offset=&#8220;vc_col-lg-3 vc_col-md-6&#8243;]<div class=\"edgtf-elements-holder   edgtf-one-column  edgtf-responsive-mode-768 \" ><div class=\"edgtf-eh-item    \"  data-item-class=\"edgtf-eh-custom-3120\" data-1024-1366=\"0 0\" data-768-1024=\"0 15%\" data-680=\"50px 2% 0 2%\">\n\t<div class=\"edgtf-eh-item-inner\">\n\t\t<div class=\"edgtf-eh-item-content edgtf-eh-custom-3120\" style=\"padding: 0 6%\">\n\t\t\t<div class=\"edgtf-iwt clearfix  edgtf-iwt-icon-top edgtf-iwt-icon-medium\">\n\t<div class=\"edgtf-iwt-icon\">\n\t\t\t\t\t\t\t\t\t<img width=\"69\" height=\"71\" src=\"https:\/\/www.holiday-films.cz\/new\/wp-content\/uploads\/main-image-4.png\" class=\"attachment-full size-full\" alt=\"g\" loading=\"lazy\" \/>\t\t\t\t\t\t<\/div>\n\t<div class=\"edgtf-iwt-content\" >\n\t\t\t\t\t<h5 class=\"edgtf-iwt-title\" >\n\t\t\t\t\t\t\t\t<span class=\"edgtf-iwt-title-text\">Celove\u010dern\u00ed hran\u00e1 tvorba<\/span>\n\t\t\t\t\t\t\t<\/h5>\n\t\t\t\t\t\t\t<p class=\"edgtf-iwt-text\" >Nat\u00e1\u010d\u00edme \u00fasp\u011b\u0161n\u00e9, oce\u0148ovan\u00e9 a nav\u0161t\u011bvovan\u00e9 celove\u010dern\u00ed hran\u00e9 filmy do kinodistribuce v \u010cR i zahrani\u010d\u00ed.<\/p>\n\t\t\t<\/div>\n<\/div>\t\t<\/div>\n\t<\/div>\n<\/div><\/div>[\/vc_column][vc_column width=&#8220;1\/2&#8243; offset=&#8220;vc_col-lg-3 vc_col-md-6&#8243;]<div class=\"edgtf-elements-holder   edgtf-one-column  edgtf-responsive-mode-768 \" ><div class=\"edgtf-eh-item    \"  data-item-class=\"edgtf-eh-custom-5666\" data-1024-1366=\"0 0\" data-768-1024=\"0 15%\" data-680=\"50px 2% 0 2%\">\n\t<div class=\"edgtf-eh-item-inner\">\n\t\t<div class=\"edgtf-eh-item-content edgtf-eh-custom-5666\" style=\"padding: 0 6%\">\n\t\t\t<div class=\"edgtf-iwt clearfix  edgtf-iwt-icon-top edgtf-iwt-icon-medium\">\n\t<div class=\"edgtf-iwt-icon\">\n\t\t\t\t\t\t\t\t\t<img width=\"82\" height=\"73\" src=\"https:\/\/www.holiday-films.cz\/new\/wp-content\/uploads\/What-we-do-custom-img-6.png\" class=\"attachment-full size-full\" alt=\"a\" loading=\"lazy\" \/>\t\t\t\t\t\t<\/div>\n\t<div class=\"edgtf-iwt-content\" >\n\t\t\t\t\t<h5 class=\"edgtf-iwt-title\" >\n\t\t\t\t\t\t\t\t<span class=\"edgtf-iwt-title-text\">Dokument\u00e1rn\u00ed tvorba<\/span>\n\t\t\t\t\t\t\t<\/h5>\n\t\t\t\t\t\t\t<p class=\"edgtf-iwt-text\" >Nat\u00e1\u010d\u00edme zaj\u00edmav\u00e9 dokumenty, v\u00fdpravn\u00e9 cestopisy z cel\u00e9ho sv\u011bta, pro televize nebo jako online (streamovan\u00fd) obsah pro internet.<\/p>\n\t\t\t<\/div>\n<\/div>\t\t<\/div>\n\t<\/div>\n<\/div><\/div>[\/vc_column][vc_column width=&#8220;1\/2&#8243; offset=&#8220;vc_col-lg-3 vc_col-md-6&#8243;]<div class=\"edgtf-elements-holder   edgtf-one-column  edgtf-responsive-mode-768 \" ><div class=\"edgtf-eh-item    \"  data-item-class=\"edgtf-eh-custom-6354\" data-1024-1366=\"0 0\" data-768-1024=\"70px 15% 0px 15%\" data-680-768=\"70px 6% 0px 6%\" data-680=\"50px 2% 0 2%\">\n\t<div class=\"edgtf-eh-item-inner\">\n\t\t<div class=\"edgtf-eh-item-content edgtf-eh-custom-6354\" style=\"padding: 0 6%\">\n\t\t\t<div class=\"edgtf-iwt clearfix  edgtf-iwt-icon-top edgtf-iwt-icon-medium\">\n\t<div class=\"edgtf-iwt-icon\">\n\t\t\t\t\t\t\t\t\t<img width=\"82\" height=\"73\" src=\"https:\/\/www.holiday-films.cz\/new\/wp-content\/uploads\/What-we-do-custom-img-5.png\" class=\"attachment-full size-full\" alt=\"a\" loading=\"lazy\" \/>\t\t\t\t\t\t<\/div>\n\t<div class=\"edgtf-iwt-content\" >\n\t\t\t\t\t<h5 class=\"edgtf-iwt-title\" >\n\t\t\t\t\t\t\t\t<span class=\"edgtf-iwt-title-text\">Reklamn\u00ed tvorba<\/span>\n\t\t\t\t\t\t\t<\/h5>\n\t\t\t\t\t\t\t<p class=\"edgtf-iwt-text\" >Kompletn\u00ed reklamn\u00ed filmov\u00e1 a televizn\u00ed produkce v\u010d. obsahu pro internetov\u00e9 prost\u0159ed\u00ed.<\/p>\n\t\t\t<\/div>\n<\/div>\t\t<\/div>\n\t<\/div>\n<\/div><\/div>[\/vc_column][vc_column width=&#8220;1\/2&#8243; offset=&#8220;vc_col-lg-3 vc_col-md-6&#8243;]<div class=\"edgtf-elements-holder   edgtf-one-column  edgtf-responsive-mode-768 \" ><div class=\"edgtf-eh-item    \"  data-item-class=\"edgtf-eh-custom-3958\" data-1024-1366=\"0 0\" data-768-1024=\"70px 15% 0px 15%\" data-680-768=\"70px 6% 0px 6%\" data-680=\"50px 2% 0 2%\">\n\t<div class=\"edgtf-eh-item-inner\">\n\t\t<div class=\"edgtf-eh-item-content edgtf-eh-custom-3958\" style=\"padding: 0 6%\">\n\t\t\t<div class=\"edgtf-iwt clearfix  edgtf-iwt-icon-top edgtf-iwt-icon-medium\">\n\t<div class=\"edgtf-iwt-icon\">\n\t\t\t\t\t\t\t\t\t<img width=\"82\" height=\"73\" src=\"https:\/\/www.holiday-films.cz\/new\/wp-content\/uploads\/What-we-do-custom-img-7.png\" class=\"attachment-full size-full\" alt=\"a\" loading=\"lazy\" \/>\t\t\t\t\t\t<\/div>\n\t<div class=\"edgtf-iwt-content\" >\n\t\t\t\t\t<h5 class=\"edgtf-iwt-title\" >\n\t\t\t\t\t\t\t\t<span class=\"edgtf-iwt-title-text\">Ostatn\u00ed<\/span>\n\t\t\t\t\t\t\t<\/h5>\n\t\t\t\t\t\t\t<p class=\"edgtf-iwt-text\" >Pom\u00e1h\u00e1me neziskov\u00e9mu sektoru, p\u0159ipravujeme galerie, vyd\u00e1v\u00e1me zaj\u00edmav\u00e9 knihy, nat\u00e1\u010d\u00edme pro vzd\u011bl\u00e1vac\u00ed \u00fa\u010dely, univerzity a mnoho dal\u0161\u00edho.<\/p>\n\t\t\t<\/div>\n<\/div>\t\t<\/div>\n\t<\/div>\n<\/div><\/div>[\/vc_column][\/vc_row][vc_row row_content_width=&#8220;grid&#8220; parallax_background_image=&#8220;361&#8243; css=&#8220;.vc_custom_1526648327091{padding-top: 90px !important;}&#8220;][vc_column offset=&#8220;vc_col-lg-6 vc_col-md-12&#8243;]<div class=\"edgtf-elements-holder   edgtf-one-column  edgtf-responsive-mode-768 \" ><div class=\"edgtf-eh-item    \"  data-item-class=\"edgtf-eh-custom-4596\" data-1366-1600=\"52px 20px 0 0\" data-1024-1366=\"33px 20px 0 0\" data-768-1024=\"5.5% 21% 0 0\" data-680-768=\"7% 0% 0 0\" data-680=\"13.8% 1% 0 0\">\n\t<div class=\"edgtf-eh-item-inner\">\n\t\t<div class=\"edgtf-eh-item-content edgtf-eh-custom-4596\" style=\"padding: 53px 20px 0 0\">\n\t\t\t<div class=\"edgtf-accordion-holder edgtf-ac-default  edgtf-accordion-light edgtf-accordion clearfix\">\n\t<h5 class=\"edgtf-accordion-title\">\n    <span class=\"edgtf-accordion-mark\">\n\t\t<span class=\"edgtf_icon_plus arrow_carrot-down\"><\/span>\n\t\t<span class=\"edgtf_icon_minus arrow_carrot-up\"><\/span>\n\t<\/span>\n\t<span class=\"edgtf-tab-title\">P\u0159ipravujeme - Dv\u011b slova jako kl\u00ed\u010d<\/span>\n<\/h5>\n<div class=\"edgtf-accordion-content\">\n\t<div class=\"edgtf-accordion-content-inner\">\n\t\t[vc_column_text]<span style=\"color: #ffffff;\">Osudy lid\u00ed z r\u016fzn\u00fdch kout\u016f sv\u011bta se ve filmu Dv\u011b slova jako kl\u00ed\u010d magicky propojuj\u00ed v jednu \u0159eku nekone\u010dn\u011b plynouc\u00edho p\u0159\u00edtomn\u00e9ho okam\u017eiku pluj\u00edc\u00edho k d\u016fle\u017eit\u00fdm rozhodnut\u00edm hlavn\u00edch hrdin\u016f.<\/span>[\/vc_column_text]\t<\/div>\n<\/div><h5 class=\"edgtf-accordion-title\">\n    <span class=\"edgtf-accordion-mark\">\n\t\t<span class=\"edgtf_icon_plus arrow_carrot-down\"><\/span>\n\t\t<span class=\"edgtf_icon_minus arrow_carrot-up\"><\/span>\n\t<\/span>\n\t<span class=\"edgtf-tab-title\">Podrobn\u011bj\u0161\u00ed info<\/span>\n<\/h5>\n<div class=\"edgtf-accordion-content\">\n\t<div class=\"edgtf-accordion-content-inner\">\n\t\t[vc_column_text]<span style=\"color: #ffffff;\">P\u0159\u00edb\u011bh o l\u00e1sce, vin\u011b a sm\u00ed\u0159en\u00ed.<\/span><\/p>\n<p>Film o hled\u00e1n\u00ed \u017eivota, rodinn\u00fdch vztaz\u00edch, \u017eivotn\u00edch hodnot\u00e1ch, o nezn\u00e1m\u00fdch sil\u00e1ch, je\u017e \u0159\u00edd\u00ed na\u0161e kroky, o poko\u0159e a osudu, kter\u00e9mu se nevyhne nikdo. Hled\u00e1n\u00ed smyslu \u017eivota se v tomto p\u0159\u00edb\u011bhu dost\u00e1v\u00e1 a\u017e k hranici tajemn\u00e9ho, kde se realita rozpou\u0161t\u00ed v iluzi.<\/p>\n<p>Film, kter\u00fd by m\u011bl p\u0159in\u00e9st siln\u00e9 emoce, dech berouc\u00ed n\u00e1dhern\u00e9 obrazy Zem\u011b, nitern\u00e9 okam\u017eiky hrdin\u016f stoj\u00edc\u00ed p\u0159ed volbou a zm\u011bnou ve sv\u00e9m \u017eivot\u011b.[\/vc_column_text]\t<\/div>\n<\/div><\/div>\t\t<\/div>\n\t<\/div>\n<\/div><\/div>[vc_empty_space height=&#8220;90px&#8220;][\/vc_column][vc_column offset=&#8220;vc_col-lg-6 vc_col-md-offset-0 vc_col-md-12 vc_col-sm-offset-0&#8243;]<div class=\"edgtf-elements-holder   edgtf-one-column  edgtf-responsive-mode-768 \" ><div class=\"edgtf-eh-item    \"  data-item-class=\"edgtf-eh-custom-1251\" data-1366-1600=\"20px 0 110px 0\" data-1024-1366=\"20px 0 110px 0\" data-768-1024=\"0 0 18% 0\" data-680-768=\"0% 0 23.5% 0\" data-680=\"0 0 46% 0\">\n\t<div class=\"edgtf-eh-item-inner\">\n\t\t<div class=\"edgtf-eh-item-content edgtf-eh-custom-1251\" style=\"padding: 20px 0 110px 0\">\n\t\t\t<div class=\"edgtf-single-image-holder     edgtf-image-align-left\">\n    <div class=\"edgtf-si-inner\" >\n                                    <img width=\"602\" height=\"359\" src=\"https:\/\/www.holiday-films.cz\/new\/wp-content\/uploads\/dve-slova-jako-klic.jpg\" class=\"attachment-full size-full\" alt=\"\" loading=\"lazy\" srcset=\"https:\/\/www.holiday-films.cz\/new\/wp-content\/uploads\/dve-slova-jako-klic.jpg 602w, https:\/\/www.holiday-films.cz\/new\/wp-content\/uploads\/dve-slova-jako-klic-300x179.jpg 300w, https:\/\/www.holiday-films.cz\/new\/wp-content\/uploads\/dve-slova-jako-klic-600x358.jpg 600w\" sizes=\"(max-width: 602px) 100vw, 602px\" \/>\t                                    <\/div>\n<\/div>\t\t<\/div>\n\t<\/div>\n<\/div><\/div>[\/vc_column][\/vc_row]<\/p>\n","protected":false},"excerpt":{"rendered":"<p>[vc_row][vc_column][rev_slider_vc alias=&#8220;movie-studio-4&#8243; enable_paspartu=&#8220;no&#8220;][\/vc_column][\/vc_row][vc_row row_content_width=&#8220;grid&#8220; css=&#8220;.vc_custom_1526648287437{padding-top: 60px !important;padding-bottom: 90px !important;}&#8220;][vc_column][\/vc_column][\/vc_row][vc_row row_content_width=&#8220;grid&#8220; css=&#8220;.vc_custom_1567525731417{padding-top: 60px !important;padding-bottom: 10px !important;}&#8220; simple_background_color=&#8220;#101113&#8243;][vc_column offset=&#8220;vc_col-lg-4 [&hellip;]<\/p>\n","protected":false},"author":1,"featured_media":4076,"parent":0,"menu_order":0,"comment_status":"closed","ping_status":"closed","template":"full-width.php","meta":[],"_links":{"self":[{"href":"https:\/\/www.holiday-films.cz\/new\/wp-json\/wp\/v2\/pages\/4260"}],"collection":[{"href":"https:\/\/www.holiday-films.cz\/new\/wp-json\/wp\/v2\/pages"}],"about":[{"href":"https:\/\/www.holiday-films.cz\/new\/wp-json\/wp\/v2\/types\/page"}],"author":[{"embeddable":true,"href":"https:\/\/www.holiday-films.cz\/new\/wp-json\/wp\/v2\/users\/1"}],"replies":[{"embeddable":true,"href":"https:\/\/www.holiday-films.cz\/new\/wp-json\/wp\/v2\/comments?post=4260"}],"version-history":[{"count":49,"href":"https:\/\/www.holiday-films.cz\/new\/wp-json\/wp\/v2\/pages\/4260\/revisions"}],"predecessor-version":[{"id":4319,"href":"https:\/\/www.holiday-films.cz\/new\/wp-json\/wp\/v2\/pages\/4260\/revisions\/4319"}],"wp:featuredmedia":[{"embeddable":true,"href":"https:\/\/www.holiday-films.cz\/new\/wp-json\/wp\/v2\/media\/4076"}],"wp:attachment":[{"href":"https:\/\/www.holiday-films.cz\/new\/wp-json\/wp\/v2\/media?parent=4260"}],"curies":[{"name":"wp","href":"https:\/\/api.w.org\/{rel}","templated":true}]}}